{"id":20732,"date":"2026-04-11T16:08:35","date_gmt":"2026-04-11T14:08:35","guid":{"rendered":"https:\/\/brumlovka.cz\/?post_type=akce-v-arealu&#038;p=20732"},"modified":"2026-04-23T16:10:55","modified_gmt":"2026-04-23T14:10:55","slug":"podcast-on-chair-with-may-27","status":"publish","type":"akce-v-arealu","link":"https:\/\/brumlovka.cz\/en\/events\/podcast-on-chair-with-may-27","title":{"rendered":"Podcast &#8220;On (ch)air with&#8221; &#8211; May, 27"},"content":{"rendered":"<p>Every month we invite people who, in our opinion, have something to say and whose professional or personal life is in some way connected with Brumlovka. We want to seek inspiration for you, both professional and personal values, advice, but also to present life\u2019s wins and losses. Different person, different topic, always at Brumlovka.<\/p>\n<p><strong>May: Mgr. Iveta Maty\u00e1\u0161kov\u00e1<\/strong><\/p>\n<p>Today she leads the educational team as the head teacher of the Elij\u00e1\u0161 Kindergarten, where she combines professional expertise with everyday practice. In the interview, she will address topics of early education, the importance of speech for school success, and why working with young children is a&nbsp;lifelong mission.<\/p>\n<p><strong>When:<\/strong> Wednesday, May 27, 2026, from 6:00 PM<\/p>\n<p><strong>Where:<\/strong> <a href=\"https:\/\/www.facebook.com\/Brumlovka\/\">Online on Brumlovka\u2019s Facebook profile <\/a><\/p>\n<p><em>We look forward to seeing you, Marketing Team, Passerinvest Group, a.s.<\/em><\/p>\n","protected":false},"featured_media":20731,"template":"","class_list":["post-20732","akce-v-arealu","type-akce-v-arealu","status-publish","has-post-thumbnail","hentry"],"acf":[],"yoast_head":"<!-- This site is optimized with the Yoast SEO plugin v26.9 - https:\/\/yoast.com\/product\/yoast-seo-wordpress\/ -->\n<title>Podcast &quot;On (ch)air with&quot; - May, 27 - Brumlovka<\/title>\n<meta name=\"robots\" content=\"index, follow, max-snippet:-1, max-image-preview:large, max-video-preview:-1\" \/>\n<link rel=\"canonical\" href=\"https:\/\/brumlovka.cz\/en\/events\/podcast-on-chair-with-may-27\" \/>\n<meta property=\"og:locale\" content=\"en_US\" \/>\n<meta property=\"og:type\" content=\"article\" \/>\n<meta property=\"og:title\" content=\"Podcast &quot;On (ch)air with&quot; - May, 27 - Brumlovka\" \/>\n<meta property=\"og:description\" content=\"Every month we invite people who, in our opinion, have ...\" \/>\n<meta property=\"og:url\" content=\"https:\/\/brumlovka.cz\/en\/events\/podcast-on-chair-with-may-27\" \/>\n<meta property=\"og:site_name\" content=\"Brumlovka\" \/>\n<meta property=\"article:modified_time\" content=\"2026-04-23T14:10:55+00:00\" \/>\n<meta property=\"og:image\" content=\"https:\/\/brumlovka.cz\/wp-content\/uploads\/2026\/04\/hovory_5_26_1920x1080px_LED.webp\" \/>\n\t<meta property=\"og:image:width\" content=\"2500\" \/>\n\t<meta property=\"og:image:height\" content=\"1406\" \/>\n\t<meta property=\"og:image:type\" content=\"image\/webp\" \/>\n<meta name=\"twitter:card\" content=\"summary_large_image\" \/>\n<meta name=\"twitter:label1\" content=\"Est. reading time\" \/>\n\t<meta name=\"twitter:data1\" content=\"1 minute\" \/>\n<script type=\"application\/ld+json\" class=\"yoast-schema-graph\">{\"@context\":\"https:\/\/schema.org\",\"@graph\":[{\"@type\":\"WebPage\",\"@id\":\"https:\/\/brumlovka.cz\/en\/events\/podcast-on-chair-with-may-27\",\"url\":\"https:\/\/brumlovka.cz\/en\/events\/podcast-on-chair-with-may-27\",\"name\":\"Podcast \\\"On (ch)air with\\\" - May, 27 - Brumlovka\",\"isPartOf\":{\"@id\":\"https:\/\/brumlovka.cz\/en#website\"},\"primaryImageOfPage\":{\"@id\":\"https:\/\/brumlovka.cz\/en\/events\/podcast-on-chair-with-may-27#primaryimage\"},\"image\":{\"@id\":\"https:\/\/brumlovka.cz\/en\/events\/podcast-on-chair-with-may-27#primaryimage\"},\"thumbnailUrl\":\"https:\/\/brumlovka.cz\/wp-content\/uploads\/2026\/04\/hovory_5_26_1920x1080px_LED.webp\",\"datePublished\":\"2026-04-11T14:08:35+00:00\",\"dateModified\":\"2026-04-23T14:10:55+00:00\",\"breadcrumb\":{\"@id\":\"https:\/\/brumlovka.cz\/en\/events\/podcast-on-chair-with-may-27#breadcrumb\"},\"inLanguage\":\"en-US\",\"potentialAction\":[{\"@type\":\"ReadAction\",\"target\":[\"https:\/\/brumlovka.cz\/en\/events\/podcast-on-chair-with-may-27\"]}]},{\"@type\":\"ImageObject\",\"inLanguage\":\"en-US\",\"@id\":\"https:\/\/brumlovka.cz\/en\/events\/podcast-on-chair-with-may-27#primaryimage\",\"url\":\"https:\/\/brumlovka.cz\/wp-content\/uploads\/2026\/04\/hovory_5_26_1920x1080px_LED.webp\",\"contentUrl\":\"https:\/\/brumlovka.cz\/wp-content\/uploads\/2026\/04\/hovory_5_26_1920x1080px_LED.webp\",\"width\":2500,\"height\":1406},{\"@type\":\"BreadcrumbList\",\"@id\":\"https:\/\/brumlovka.cz\/en\/events\/podcast-on-chair-with-may-27#breadcrumb\",\"itemListElement\":[{\"@type\":\"ListItem\",\"position\":1,\"name\":\"Home\",\"item\":\"https:\/\/brumlovka.cz\/en\"},{\"@type\":\"ListItem\",\"position\":2,\"name\":\"Cultural and sport events\",\"item\":\"https:\/\/brumlovka.cz\/en\/events\"},{\"@type\":\"ListItem\",\"position\":3,\"name\":\"Podcast &#8222;On (ch)air with&#8220; &#8211; May, 27\"}]},{\"@type\":\"WebSite\",\"@id\":\"https:\/\/brumlovka.cz\/en#website\",\"url\":\"https:\/\/brumlovka.cz\/en\",\"name\":\"Brumlovka\",\"description\":\"Lokalita Brumlovka. V\u00edtejte\",\"potentialAction\":[{\"@type\":\"SearchAction\",\"target\":{\"@type\":\"EntryPoint\",\"urlTemplate\":\"https:\/\/brumlovka.cz\/en?s={search_term_string}\"},\"query-input\":{\"@type\":\"PropertyValueSpecification\",\"valueRequired\":true,\"valueName\":\"search_term_string\"}}],\"inLanguage\":\"en-US\"}]}<\/script>\n<!-- \/ Yoast SEO plugin. -->","yoast_head_json":{"title":"Podcast \"On (ch)air with\" - May, 27 - Brumlovka","robots":{"index":"index","follow":"follow","max-snippet":"max-snippet:-1","max-image-preview":"max-image-preview:large","max-video-preview":"max-video-preview:-1"},"canonical":"https:\/\/brumlovka.cz\/en\/events\/podcast-on-chair-with-may-27","og_locale":"en_US","og_type":"article","og_title":"Podcast \"On (ch)air with\" - May, 27 - Brumlovka","og_description":"Every month we invite people who, in our opinion, have ...","og_url":"https:\/\/brumlovka.cz\/en\/events\/podcast-on-chair-with-may-27","og_site_name":"Brumlovka","article_modified_time":"2026-04-23T14:10:55+00:00","og_image":[{"width":2500,"height":1406,"url":"https:\/\/brumlovka.cz\/wp-content\/uploads\/2026\/04\/hovory_5_26_1920x1080px_LED.webp","type":"image\/webp"}],"twitter_card":"summary_large_image","twitter_misc":{"Est. reading time":"1 minute"},"schema":{"@context":"https:\/\/schema.org","@graph":[{"@type":"WebPage","@id":"https:\/\/brumlovka.cz\/en\/events\/podcast-on-chair-with-may-27","url":"https:\/\/brumlovka.cz\/en\/events\/podcast-on-chair-with-may-27","name":"Podcast \"On (ch)air with\" - May, 27 - Brumlovka","isPartOf":{"@id":"https:\/\/brumlovka.cz\/en#website"},"primaryImageOfPage":{"@id":"https:\/\/brumlovka.cz\/en\/events\/podcast-on-chair-with-may-27#primaryimage"},"image":{"@id":"https:\/\/brumlovka.cz\/en\/events\/podcast-on-chair-with-may-27#primaryimage"},"thumbnailUrl":"https:\/\/brumlovka.cz\/wp-content\/uploads\/2026\/04\/hovory_5_26_1920x1080px_LED.webp","datePublished":"2026-04-11T14:08:35+00:00","dateModified":"2026-04-23T14:10:55+00:00","breadcrumb":{"@id":"https:\/\/brumlovka.cz\/en\/events\/podcast-on-chair-with-may-27#breadcrumb"},"inLanguage":"en-US","potentialAction":[{"@type":"ReadAction","target":["https:\/\/brumlovka.cz\/en\/events\/podcast-on-chair-with-may-27"]}]},{"@type":"ImageObject","inLanguage":"en-US","@id":"https:\/\/brumlovka.cz\/en\/events\/podcast-on-chair-with-may-27#primaryimage","url":"https:\/\/brumlovka.cz\/wp-content\/uploads\/2026\/04\/hovory_5_26_1920x1080px_LED.webp","contentUrl":"https:\/\/brumlovka.cz\/wp-content\/uploads\/2026\/04\/hovory_5_26_1920x1080px_LED.webp","width":2500,"height":1406},{"@type":"BreadcrumbList","@id":"https:\/\/brumlovka.cz\/en\/events\/podcast-on-chair-with-may-27#breadcrumb","itemListElement":[{"@type":"ListItem","position":1,"name":"Home","item":"https:\/\/brumlovka.cz\/en"},{"@type":"ListItem","position":2,"name":"Cultural and sport events","item":"https:\/\/brumlovka.cz\/en\/events"},{"@type":"ListItem","position":3,"name":"Podcast &#8222;On (ch)air with&#8220; &#8211; May, 27"}]},{"@type":"WebSite","@id":"https:\/\/brumlovka.cz\/en#website","url":"https:\/\/brumlovka.cz\/en","name":"Brumlovka","description":"Lokalita Brumlovka. V\u00edtejte","potentialAction":[{"@type":"SearchAction","target":{"@type":"EntryPoint","urlTemplate":"https:\/\/brumlovka.cz\/en?s={search_term_string}"},"query-input":{"@type":"PropertyValueSpecification","valueRequired":true,"valueName":"search_term_string"}}],"inLanguage":"en-US"}]}},"_links":{"self":[{"href":"https:\/\/brumlovka.cz\/en\/wp-json\/wp\/v2\/akce-v-arealu\/20732","targetHints":{"allow":["GET"]}}],"collection":[{"href":"https:\/\/brumlovka.cz\/en\/wp-json\/wp\/v2\/akce-v-arealu"}],"about":[{"href":"https:\/\/brumlovka.cz\/en\/wp-json\/wp\/v2\/types\/akce-v-arealu"}],"wp:featuredmedia":[{"embeddable":true,"href":"https:\/\/brumlovka.cz\/en\/wp-json\/wp\/v2\/media\/20731"}],"wp:attachment":[{"href":"https:\/\/brumlovka.cz\/en\/wp-json\/wp\/v2\/media?parent=20732"}],"curies":[{"name":"wp","href":"https:\/\/api.w.org\/{rel}","templated":true}]}}

<p>Every month we invite people who, in our opinion, have something to say and whose professional or personal life is in some way connected with Brumlovka. We want to seek inspiration for you, both professional and personal values, advice, but also to present life’s wins and losses. Different person, different topic, always at Brumlovka.</p>
<p><strong>May: Mgr. Iveta Matyášková</strong></p>
<p>Today she leads the educational team as the head teacher of the Elijáš Kindergarten, where she combines professional expertise with everyday practice. In the interview, she will address topics of early education, the importance of speech for school success, and why working with young children is a&nbsp;lifelong mission.</p>
<p><strong>When:</strong> Wednesday, May 27, 2026, from 6:00 PM</p>
<p><strong>Where:</strong> <a href="https://www.facebook.com/Brumlovka/">Online on Brumlovka’s Facebook profile </a></p>
<p><em>We look forward to seeing you, Marketing Team, Passerinvest Group, a.s.</em></p>

<!-- This site is optimized with the Yoast SEO plugin v26.9 - https://yoast.com/product/yoast-seo-wordpress/ -->
<title>Podcast &quot;On (ch)air with&quot; - May, 27 - Brumlovka</title>
<meta name="robots" content="index, follow, max-snippet:-1, max-image-preview:large, max-video-preview:-1" />
<link rel="canonical" href="https://brumlovka.cz/en/events/podcast-on-chair-with-may-27" />
<meta property="og:locale" content="en_US" />
<meta property="og:type" content="article" />
<meta property="og:title" content="Podcast &quot;On (ch)air with&quot; - May, 27 - Brumlovka" />
<meta property="og:description" content="Every month we invite people who, in our opinion, have ..." />
<meta property="og:url" content="https://brumlovka.cz/en/events/podcast-on-chair-with-may-27" />
<meta property="og:site_name" content="Brumlovka" />
<meta property="article:modified_time" content="2026-04-23T14:10:55+00:00" />
<meta property="og:image" content="https://brumlovka.cz/wp-content/uploads/2026/04/hovory_5_26_1920x1080px_LED.webp" />
	<meta property="og:image:width" content="2500" />
	<meta property="og:image:height" content="1406" />
	<meta property="og:image:type" content="image/webp" />
<meta name="twitter:card" content="summary_large_image" />
<meta name="twitter:label1" content="Est. reading time" />
	<meta name="twitter:data1" content="1 minute" />
<script type="application/ld+json" class="yoast-schema-graph">{"@context":"https://schema.org","@graph":[{"@type":"WebPage","@id":"https://brumlovka.cz/en/events/podcast-on-chair-with-may-27","url":"https://brumlovka.cz/en/events/podcast-on-chair-with-may-27","name":"Podcast \"On (ch)air with\" - May, 27 - Brumlovka","isPartOf":{"@id":"https://brumlovka.cz/en#website"},"primaryImageOfPage":{"@id":"https://brumlovka.cz/en/events/podcast-on-chair-with-may-27#primaryimage"},"image":{"@id":"https://brumlovka.cz/en/events/podcast-on-chair-with-may-27#primaryimage"},"thumbnailUrl":"https://brumlovka.cz/wp-content/uploads/2026/04/hovory_5_26_1920x1080px_LED.webp","datePublished":"2026-04-11T14:08:35+00:00","dateModified":"2026-04-23T14:10:55+00:00","breadcrumb":{"@id":"https://brumlovka.cz/en/events/podcast-on-chair-with-may-27#breadcrumb"},"inLanguage":"en-US","potentialAction":[{"@type":"ReadAction","target":["https://brumlovka.cz/en/events/podcast-on-chair-with-may-27"]}]},{"@type":"ImageObject","inLanguage":"en-US","@id":"https://brumlovka.cz/en/events/podcast-on-chair-with-may-27#primaryimage","url":"https://brumlovka.cz/wp-content/uploads/2026/04/hovory_5_26_1920x1080px_LED.webp","contentUrl":"https://brumlovka.cz/wp-content/uploads/2026/04/hovory_5_26_1920x1080px_LED.webp","width":2500,"height":1406},{"@type":"BreadcrumbList","@id":"https://brumlovka.cz/en/events/podcast-on-chair-with-may-27#breadcrumb","itemListElement":[{"@type":"ListItem","position":1,"name":"Home","item":"https://brumlovka.cz/en"},{"@type":"ListItem","position":2,"name":"Cultural and sport events","item":"https://brumlovka.cz/en/events"},{"@type":"ListItem","position":3,"name":"Podcast &#8222;On (ch)air with&#8220; &#8211; May, 27"}]},{"@type":"WebSite","@id":"https://brumlovka.cz/en#website","url":"https://brumlovka.cz/en","name":"Brumlovka","description":"Lokalita Brumlovka. Vítejte","potentialAction":[{"@type":"SearchAction","target":{"@type":"EntryPoint","urlTemplate":"https://brumlovka.cz/en?s={search_term_string}"},"query-input":{"@type":"PropertyValueSpecification","valueRequired":true,"valueName":"search_term_string"}}],"inLanguage":"en-US"}]}</script>
<!-- / Yoast SEO plugin. -->

Lokalita Brumlovka. Vítejte
